) = -o**3 + o**2 + 2*o + 1. Give p(c).
1
Let w(f) = f - 2. Let j be 6/(-4)*8/(-6). Calculate w(j).
0
Let m(l) = l**2 + 8*l + 7. Suppose 0 = -4*q + 15 + 13. Let d = 0 + 2. Let i = d - q. Determine m(i).
-8
Let v(x) = -4*x - 2. Suppose 0 = -6*q + 10*q + 8. Calculate v(q).
6
Let u(j) be the second derivative of -13*j**5/20 + j**4/6 - j**2/2 - 15*j. Give u(-1).
14
Let p(b) = 2*b**2 + 7*b - 8. Let h(x) = x**2 + 4*x - 4. Let o(d) = -7*h(d) + 4*p(d). Determine o(3).
5
Let p(s) = -s**3 + 4*s**2 - s - 1. Suppose 9 = 3*v - 3. Give p(v).
-5
Let h(k) = k**3 + k**2 + 1. Let b be h(0). Suppose 0 = -4*v + 4*u - b - 3, 2*u - 22 = -3*v. Let y(m) = -m. Give y(v).
-4
Suppose 0*d = 6*d. Let m(c) = -c**3 - c**2 + c - 5. Calculate m(d).
-5
Let a(m) be the third derivative of m**8/6720 - m**6/240 - m**5/40 + m**4/12 + 3*m**2. Let x(g) be the second derivative of a(g). Determine x(-2).
-5
Let i(q) be the first derivative of q**2/2 - 5*q - 3. Suppose 2*s - 84 = 4*s. Let b be (-180)/s + (-2)/7. Give i(b).
-1
Let u(f) = f**3 - 2*f**2 - 2*f. Let l = -1 + -3. Let d be ((-1)/(-2))/(l/16). Calculate u(d).
-12
Let j(i) = i**3 + i**2 + 3*i + 2. Let k be ((-5)/(-5))/(2/4). Suppose -z + 4 = k. Suppose z*g + 0*g = -4. What is j(g)?
-8
Let k be ((-15)/10)/((-4)/((-56)/(-3))). Let u(n) = -n**3 + 8*n**2 - 6*n - 1. Give u(k).
6
Let f be (-57)/(-9) + (-2)/(-3). Let m(n) = n**3 - 6*n**2 - 4*n - 2. Calculate m(f).
19
Let r(x) = -127*x - 2 + 3 + 117*x. What is r(-1)?
11
Let z(d) be the third derivative of d**5/60 + d**4/3 + d**3/3 + 8*d**2. Calculate z(-8).
2
Let f(j) = 111 - 111 - j - 2*j**2. What is f(-2)?
-6
Suppose 5*v = 8*v + 9. Let d(m) = m**2 + 4*m + 3. Let f be d(v). Let j(g) = g**3 - g - 2. Determine j(f).
-2
Let x(q) = -20*q**3 - q**2 + 1. Let w = -18 + 17. What is x(w)?
20
Let w be (16/(-12))/(2/3). Let a(v) = -v**3 - 4*v**2 - 2*v + 2. Calculate a(w).
-2
Let m(h) = -h**2 - 5*h + 3. Suppose 4*v + 17 - 5 = -4*r, -3*r - 13 = 4*v. Let t be 57/(-9) + r/3. What is m(t)?
-3
Let u(i) be the first derivative of i**4/4 + i**3/3 - 3*i**2/2 - i + 32. Give u(-2).
1
Let r(i) = -i**3 - 7*i**2 + 8*i - 2. Let j be r(-8). Let q be (-1 - (-1)/j)*2. Let w(g) = -g - 2. What is w(q)?
1
Let p(q) be the first derivative of -q**4/4 - q**3/3 - 32. What is p(1)?
-2
Suppose -24 = -2*o - o. Let r(u) = -u + 6 - 16 + o. Give r(-3).
1
Let o = 30 + -37. Let v(x) be the first derivative of x**2/2 + 3*x - 2. Calculate v(o).
-4
Let g(k) = -6*k**2 + 2*k + 3. Let i(f) = 12*f**2 - 4*f - 7. Let x(c) = -9*g(c) - 4*i(c). Let b(h) = -h**2 - 5*h - 3. Let z be b(-4). What is x(z)?
5
Suppose 143 = -12*v + 25*v. Let x(s) = s**2 - 11*s - 1. Give x(v).
-1
Let v(c) = -c**2 + c - 4. Let f(t) = 1. Let b(o) = -6*f(o) - v(o). Determine b(0).
-2
Suppose -14 = -2*o - 3*l, o = 4*l - 19 + 4. Suppose 3*j - 3*d + o - 4 = 0, -4*d = -5*j + 7. Let p(u) = -u + j - 3. Calculate p(2).
-2
Let t(z) = 3*z + z + 1 + 0*z. Give t(2).
9
Let x(g) be the third derivative of g**5/30 - g**4/12 + g**3/6 + 2*g**2. Let h = 1 + 1. Suppose -10 = -4*j - h. Give x(j).
5
Suppose -n = 5*q - 52, -n + 41 = 4*q - 0*n. Let t = q - 7. Let s(h) = 2*h + 1 - t + 2 - 2*h**2. What is s(2)?
-5
Suppose 4*d - 125 = -97. Let i(f) = -f**3 + 8*f**2 - 6*f + 4. Calculate i(d).
11
Let w(f) = -f**3 - 3*f**2 - 2*f + 1. Let z be 5/15 - (-20)/(-6). Let t be w(z). Let q = t + -6. Let d(g) = -4*g**2 - 2*g + 1. Determine d(q).
-5
Let w(c) = 158*c + c**2 - 1 + 0*c**2 - 151*c. Determine w(-8).
7
Let m(o) = -5*o + 0 + 3*o + 2 + 6*o. Calculate m(5).
22
Suppose 1 + 2 = 3*y. Suppose -3*p + 2*k + 0 = -5, -2 = 2*k. Let j(s) = -7*s**2 - 5 + s + p + 3. Give j(y).
-7
Let b(z) be the third derivative of z**6/30 + z**5/30 - z**3/6 + 18*z**2. Give b(-1).
-3
Let i = 5 + -3. Let q(p) = p - 7*p + 0*p. Let t(w) = -11*w + 1. Let b(l) = 5*q(l) - 3*t(l). What is b(i)?
3
Let k(i) = 8*i. Let o(m) = -2*m - 1. Let d(x) = k(x) + 5*o(x). Let l(p) = -p**3 + 7*p**2 - 6*p - 6. Let j be l(6). Give d(j).
7
Let a = -4 - -7. Let y(b) = -b**2 - b + b - a + 2*b + 2*b. Calculate y(4).
-3
Suppose c - 6*c = 0. Let t(l) = -1 - l**2 - 6*l + c + 9*l. Give t(2).
1
Let x be (-3 - 0) + (-1 - -4). Suppose x = -2*h + 4*h - 12. Let l(r) = r**2 - 6*r - 7. Determine l(h).
-7
Let a(u) be the third derivative of u**6/120 + u**5/60 - u**3/6 + 58*u**2. Determine a(0).
-1
Let b be (-104)/(-18) + (-2)/(-9). Let v(y) = y**3 - 6*y**2 + y. Calculate v(b).
6
Let o(v) = -3 + 5 + 16*v - 15*v. Let r be (-5*(-2 + 1))/1. What is o(r)?
7
Suppose 0 = -s - o - 7, s - 3 = 3*o - 2*o. Let j(r) = -5 - 11*r + 3 + 3*r. Determine j(s).
14
Let k(q) = -q - 6. Let c(z) = z + 6. Let p(w) = 5*c(w) + 6*k(w). Calculate p(-6).
0
Suppose y - 5*z - 17 = 0, -4 = 3*y - 2*z - 16. Suppose 0 = -y*j - j. Let w(v) = -1 - v + 3 - 4. Determine w(j).
-2
Suppose 0 = 4*r + 2*h + 14, -2*r + 3*h + 6 = 1. Let k(w) = w**3 + w**2. Let f be k(r). Let n(y) = y**3 + 4*y**2 - 3*y - 2. Calculate n(f).
10
Suppose 17 = 3*s + 14. Let a(l) = -l + 1. Determine a(s).
0
Let g(m) = m**2 - 15*m + 17. Let k(r) = 6*r**2 - 76*r + 84. Let u(y) = -11*g(y) + 2*k(y). Give u(-14).
-5
Let y(a) = -a - 1. Let j(x) = -x - 4. Let b be j(6). Let u be (2/3)/((-8)/(-84)). Let o = u + b. Calculate y(o).
2
Let t be 1 + -3 - (6 - 4). Let x(w) be the third derivative of 5*w**4/24 + 2*w**3/3 - 3*w**2. Let u(c) = 6*c + 4. Let y(d) = -4*u(d) + 5*x(d). What is y(t)?
0
Suppose 5*h + 2*c + 15 = 0, -h + 3 = -4*c + 6. Let j(s) = s**2 + 6*s + 3. What is j(h)?
-6
Let f(n) = n - 5. Let w(t) = -1 - 4*t - 5*t + 4*t + 4*t - 4*t**2. Let v be w(-1). What is f(v)?
-9
Let t(v) = 2*v**2 - 2*v. Let h(b) = -b. Let n(w) = 3*h(w) - t(w). Give n(-1).
-1
Suppose 0 = -2*y + 7 + 9. Let g(j) = -5*j - 9. Let a(o) = 3*o + 6. Let z(h) = y*a(h) + 5*g(h). Let d be (-4)/(-2) + 0/1. What is z(d)?
1
Let a be (-4)/(-16)*(-1 + -3). Let p(b) = 4*b**2 - b - 1. Calculate p(a).
4
Let c(s) = s - 17. Let y be c(16). Suppose 4 = 5*k - 11. Let d(r) = 2*r**3 - 5*r**2 - 2*r. Let j(m) = m**3 - m**2 - m. Let t(i) = k*j(i) + y*d(i). Give t(-2).
2
Let i(x) be the first derivative of x**2 - 7*x - 3. Let l be i(5). Let m(s) = 11*s - 12*s - 5*s**l - s**3. What is m(1)?
-7
Let r = -18 - -29. Let c = r - 7. Let p(i) = -8*i**2 + 4*i - 8. Let k(v) = 7*v**2 - 4*v + 7. Let m(l) = 7*k(l) + 6*p(l). Give m(c).
1
Let x(m) be the third derivative of -m**6/120 - m**5/10 - m**4/12 - 3*m**3/2 + 6*m**2. What is x(-6)?
3
Let n(x) be the third derivative of 0 + 1/2*x**3 + 1/12*x**4 + 0*x - 7*x**2. Determine n(-5).
-7
Let t(x) be the third derivative of x**6/60 - x**5/60 - x**4/8 - x**3/3 - 2*x**2. Determine t(-2).
-16
Let k be 0/(-1) - (-21 + 22). Let t(n) = -6*n**3 + n + 1. Calculate t(k).
6
Let u(w) be the third derivative of 4*w**2 + 5/24*w**4 + 0 + 0*w - 1/3*w**3 + 1/60*w**5. Let m = -1 + -4. Calculate u(m).
-2
Suppose 3*w - 5 + 1 = 2*l, 2*w + 5*l = 28. Suppose 0 = 5*o - o + w. Let h(d) = -3*d**2 - d - 1. Calculate h(o).
-3
Let m(h) = -3*h**3 + h**2. Suppose 0 = 5*s, 0*s = 4*q + 2*s + 24. Let w be (-7)/(-28) + q/(-8). Determine m(w).
-2
Let h(z) be the third derivative of -z**6/120 + z**5/15 + z**4/8 - z**3 - z**2. Give h(4).
6
Let f(p) = -p**3 - 12*p**2 - 11*p + 3. Let g be f(-11). Let k(m) = 8 - 8 + g*m. What is k(2)?
6
Let a(g) = 4*g**2 + 5*g + 7. Let m(c) = 3*c**2 + 4*c + 7. Let v be 0 - (0 + -4*1). Let q(d) = v*a(d) - 5*m(d). What is q(0)?
-7
Let r(t) = t**2 - 2*t - 4. Suppose -h + 2 - 1 = 0. Let q be (h - 3) + (13 - 1). Let a = q + -6. Calculate r(a).
4
Suppose 4*u + 9 + 5 = 5*r, -2*u = -3*r + 6. Let c(t) = -2*t**2 - 3*t**2 + 0*t**3 + 8*t - t**3 + 6. Give c(u).
-6
Let s(m) = m**2 + 4*m - 7. Let z(h) = h**3 + 12*h**2 + 8*h - 5. Let v(b) = -b**3 - 13*b**2 - 8*b + 6. Let r(a) = -2*v(a) - 3*z(a). Let p be r(-9). Give s(p).
5
Let l(b) = b**3 - b**2 + b + 2. Let a = -8 + 10. Determine l(a).
8
Let d = 80 - 82. Let b(j) = 2*j + 3. Determine b(d).
-1
Suppose -4*t = 2*u - 6, -t + 2 - 3 = 0. Suppose 0*r + u*r = 20. Suppose -c = -r*c. Let x(s) = s - 4. Calculate x(c).
-4
Let x(w) be the first derivative of w**4/24 + 7*w**3/6 - 3*w**2/2 - 3. Let y(l) be the second derivative of x(l). Give y(-6).
1
Let a(o) = -8 - 3 + 11 - 5*o. Determine a(1).
-5
Let m(i) = i**3 + i**2 - i. Let t = -3 - 1. Let g = t + 2. Give m(g).
-2
Let l(k) = -k**3 + 2*k**2 + 4*k - 3. Suppose 3*v - 2*v - 3 = 0. Calcula